0*n - 321. Determine h(-3).
21
Let d(i) = -3*i**2 - 41*i + 8880. Give d(-61).
218
Let u(w) = -6*w**2 - 3516*w - 66897. Calculate u(-19).
-2259
Let w(c) = 357*c - 1692. Determine w(4).
-264
Let v(m) = -8682*m - 42999. Calculate v(-5).
411
Let l(z) = -7874*z + 110220. Give l(14).
-16
Let u(g) = -2*g**2 - 954*g - 90657. Give u(-346).
-5
Let h(w) = 2*w**3 - 17*w**2 - 16074*w + 144560. What is h(9)?
-25
Let a(g) = -102915*g + 308766. Give a(3).
21
Let y(s) = 16270*s + 3888564. Give y(-239).
34
Let c(v) = -26068*v + 130341. Give c(5).
1
Let u(b) = 120*b**3 + 2379*b**2 - 427*b - 90. Give u(-20).
50
Let i(m) = 632*m**2 + 7640*m - 147. What is i(-12)?
-819
Let t(n) = 4963*n + 446629. Determine t(-90).
-41
Let q(r) = 2*r**3 - 191*r**2 - 109*r + 1231. Determine q(96).
-17
Let d(a) = -70*a + 16511. Calculate d(210).
1811
Let u(a) = -4*a**3 + 465*a**2 - 122*a + 693. What is u(116)?
-3
Let o(b) = 82*b**2 + 126*b + 709. Calculate o(-6).
2905
Let g(b) = 407*b + 10424. Give g(-24).
656
Let l(g) = -372*g + 5492. Calculate l(15).
-88
Let j(w) = w**2 + 70165*w - 27. Calculate j(0).
-27
Let h(a) = a**3 + 561*a**2 + 1600*a - 218. What is h(-3)?
4
Let c(g) = -3*g**2 - 488*g + 3604. What is c(7)?
41
Let i(l) = -944*l + 157581. Give i(167).
-67
Let r(w) = -26793*w + 26786. Calculate r(1).
-7
Let y(f) = -58*f**3 - 350*f**2 - 246*f - 1410. Give y(-6).
-6
Let a(c) = -16*c**3 - 14509*c**2 + 2690*c - 28120. Give a(-907).
-3
Let q(c) = 34344*c + 12775982. Calculate q(-372).
14
Let k(s) = 6567*s**2 + 177310*s + 25. Give k(-27).
-2
Let f(p) = p**2 + 664*p + 5247. Calculate f(-8).
-1
Let t(h) = 7*h**2 - 13827*h + 1857747. Calculate t(145).
7
Let q(n) = -83*n**2 - 142*n + 412. What is q(4)?
-1484
Let t(q) = 2377*q + 78107. Give t(-33).
-334
Let j(f) = 35*f**3 + 35*f - 61. Determine j(2).
289
Let h(r) = -8*r**2 - 55*r + 3487. Calculate h(-25).
-138
Let p(g) = -193*g**2 + 2401*g - 12021. Calculate p(5).
-4841
Let z(b) = 594552*b + 1189110. Determine z(-2).
6
Let y(v) = 18*v**3 + 12562*v**2 - 1357*v + 27233. What is y(-698)?
11
Let t(b) = -2*b**3 + 11*b**2 + 581*b - 3360. Determine t(6).
90
Let c(o) = 21310*o + 106999. Calculate c(-5).
449
Let z(i) = -2991*i + 26165. Give z(9).
-754
Let q(a) = -a**2 - 23*a + 6948. Give q(77).
-752
Let n(v) = 4718*v**2 + 13963*v - 578. What is n(-3)?
-5
Let x(g) = -107*g**2 - 1674*g - 2461. Give x(-14).
3
Let u(s) = -s**3 - 50*s**2 + 47*s - 53. Give u(-51).
151
Let j(v) = v**3 + 73*v**2 - 351*v - 14922. Determine j(-75).
153
Let n(x) = x**2 + 8905*x + 7501141. What is n(-942)?
-5
Let w(f) = -f**3 - 11*f**2 + 27*f + 27. Calculate w(-10).
-343
Let j(i) = i**3 - 7*i**2 + 281*i - 4710. What is j(15)?
1305
Let f(n) = 24*n**2 - 5571*n + 71. What is f(232)?
-625
Let k(i) = -i**2 + 6129*i + 129050. Calculate k(-21).
-100
Let j(z) = 7727*z**2 - 339997*z + 402. Give j(44).
6
Let f(i) = -2253*i - 2029. What is f(-2)?
2477
Let y(o) = 1878*o + 11271. What is y(-6)?
3
Let t(x) = -5*x**2 - 3030*x - 50084. Calculate t(-589).
-19
Let c(p) = -p**3 - 28*p**2 + 56*p + 145. What is c(-28)?
-1423
Let b(v) = 23*v**3 - 11*v**2 - 28*v + 17. Determine b(-5).
-2993
Let l(q) = 3*q**3 - 771*q**2 - 6361*q - 16. Give l(-8).
-8
Let c(h) = 2*h**3 - 95*h**2 + 573*h - 24. Give c(7).
18
Let a(w) = -17068*w - 1024086. Determine a(-60).
-6
Let s(b) = 2*b**2 + 330*b + 268. Give s(-149).
-4500
Let i(u) = u**3 + 35*u**2 + 146*u - 149. Give i(-30).
-29
Let a(z) = -19880*z + 1451162. Give a(73).
-78
Let i(c) = c**3 - 35*c**2 - 5199*c + 181934. What is i(35)?
-31
Let h(y) = 1503*y + 9599. Determine h(-7).
-922
Let h(v) = -v**2 - 7152*v + 157888. Calculate h(22).
60
Let j(n) = n**3 + 29*n**2 - 41*n - 4341. What is j(-17)?
-176
Let b(z) = -25*z**2 + 604*z - 2997. Give b(7).
6
Let s(y) = -2*y**3 - 255*y**2 + 665*y + 1965. Determine s(-130).
15
Let r(s) = 550485*s + 15964061. Calculate r(-29).
-4
Let j(d) = -4*d**3 - 56*d**2 - 101*d - 156. Calculate j(-12).
-96
Let t(h) = h**3 - 147*h**2 + 3589*h + 19. Calculate t(116).
-793
Let d(f) = 336*f - 7028. Give d(21).
28
Let c(h) = -236210*h + 236207. Give c(1).
-3
Let g(p) = 1810*p**2 + 12639*p - 4. Determine g(-7).
213
Let s(c) = 190*c**2 + 4412*c + 971. Calculate s(-23).
5
Let i(b) = b**3 + 41*b**2 + 348*b - 198. Give i(-13).
10
Let a(z) = -z**3 + 18*z**2 + 56*z - 623. Calculate a(19).
80
Let y(d) = d**3 + 134*d**2 - 314*d + 13597. Give y(-137).
308
Let r(f) = -f**3 + 142*f**2 + 429*f + 866. Calculate r(145).
-4
Let q(w) = -286*w - 9152. What is q(-32)?
0
Let j(a) = -462*a - 7267. Calculate j(-17).
587
Let z(d) = 16*d**2 + 225*d + 791. Determine z(-7).
0
Let q(o) = -o**3 + 359*o**2 + 2537*o - 163. What is q(-7)?
12
Let y(q) = 2407*q + 16145. What is y(-7)?
-704
Let f(x) = -x**3 + 276*x**2 + 3757*x - 13. What is f(289)?
-13
Let q(w) = -w**3 - 65*w**2 - 849*w + 7. What is q(-17)?
568
Let w(c) = -52*c - 791. Determine w(-32).
873
Let f(u) = -526*u + 119996. Determine f(228).
68
Let l(a) = -a**3 - 3*a**2 + 4957*a + 29641. What is l(-6)?
7
Let i(j) = -4157*j - 62504. Give i(-15).
-149
Let o(g) = -29*g**2 + 6285*g - 4677. Give o(216).
-141
Let j(r) = 57*r + 698. Give j(6).
1040
Let b(l) = -57434*l - 57432. What is b(-1)?
2
Let h(f) = -f**3 + 129*f**2 - 918*f + 52286. Determine h(125).
36
Let l(x) = -x**3 + 6*x**2 - 285*x - 1708. Give l(-5).
-8
Let x(g) = -32*g**2 - 291*g + 1625. Calculate x(-13).
0
Let a(y) = 113*y**2 + 110616*y - 121511. Give a(-980).
9
Let z(a) = -450*a - 3244. Determine z(-7).
-94
Let x(y) = 354*y - 35309. Calculate x(100).
91
Let f(j) = -12*j**2 - 43*j - 64. Determine f(-6).
-238
Let z(q) = 20*q**2 - 241*q - 18. Give z(13).
229
Let g(z) = -3*z**2 + 114*z - 695. What is g(7)?
-44
Let o(v) = 962*v - 394424. Give o(410).
-4
Let c(a) = -a**3 - 26*a**2 + 6*a + 895. Determine c(-23).
-830
Let o(y) = -286*y - 41197. Determine o(-143).
-299
Let v(z) = -1540*z**2 + 240237*z + 461. Calculate v(156).
-7
Let n(v) = -v**2 - 18505*v + 778978. What is n(42)?
4
Let g(s) = -395*s - 11272. Give g(-44).
6108
Let k(q) = -1851*q - 557247. What is k(-301)?
-96
Let z(d) = -118*d**2 + 1065*d + 100. Give z(9).
127
Let p(l) = 5*l**2 + 74*l - 4337. Calculate p(23).
10
Let j(k) = k**3 + 117*k**2 - 1096*k + 4776. Determine j(-126).
-12
Let t(j) = j**3 - 23*j**2 + 22*j - 147. Give t(26).
2453
Let y(n) = 2737*n**2 - 136*n + 135. Give y(1).
2736
Let g(p) = 32809*p + 132026. Calculate g(-4).
790
Let w(l) = 5*l**3 - 1203*l**2 - 2416*l - 1212. Give w(-1).
-4
Let u(d) = d**2 + 252*d + 15299. Calculate u(-102).
-1
Let q(u) = -2*u**3 + 465*u**2 - 698*u + 1061. Determine q(231).
-94
Let w(s) = 68*s**2 - 3107*s - 970. What is w(46)?
-4
Let r(l) = l**2 - 120*l - 3636. Give r(-25).
-11
Let r(s) = -176*s**2 - 16369*s - 268. Give r(-93).
-175
Let b(x) = 560*x - 24977. Determine b(45).
223
Let w(f) = -11633*f - 546755. What is w(-47)?
-4
Let l(b) = 24*b**3 - 5229*b**2 - 687*b + 7202. Give l(218).
8
Let y(q) = -q**3 - 1608*q**2 + 35859*q + 11. Determine y(22).
-11
Let m(p) = -2*p**3 + 333*p**2 - 1771*p + 89. Give m(161).
89
Let f(g) = -2*g**2 - 359*g + 4940. Give f(13).
-65
Let x(i) = 957*i**2 - 97*i + 14. What is x(1)?
874
Let u(c) = -c**2 - 62*c + 9587. Calculate u(72).
-61
Let i(o) = -o**2 - 22*o + 4962. Determine i(71).
-1641
Let c(d) = -15*d**2 + 337*d + 4971. Determine c(-12).
-1233
Let x(t) = -23*t**2 - 8735*t + 1775. Calculate x(-380).
-125
Let i(o) = -9230*o - 101536. What is i(-11)?
-6
Let k(h) = 65103*h + 1302065. Give k(-20).
5
Let y(f) = -f**3 - 21*f**2 - 91*f + 99. Determine y(-8).
-5
Let l(f) = -f**3 - 172*f**2 + 1084*f + 195. Calculate l(-178).
-2653
Let b(c) = -c**3 + 142*c**2 - 1720*c + 20631. What is b(130)?
-169
Let b(w) = w**3 + 11*w**2 + 13*w - 39. Calculate b(-7).
66
Let h(g) = -21*g**3 + 3*g**2 + 42*g - 114. Calculate h(4).
-1242
Let v(u) = -2*u**3 + 131*u**2 + 1954*u - 325. Calculate v(78).
-13
Let m(v) = -335*v**2 + 291*v + 20. Determine m(3).
-2122
Let o(u) = -u**3 + 18*u**2 - 49*u - 18. Determine o(21).
-2370
Let d(l) = -26*l**2 - 1549*l - 491. Determine d(-56).
4717
Let c(z) = -5*z**3 + 26*z**2 + 63*z - 366. Calculate c(5).
-26
Let d(r) = 475*r + 37573. Calculate d(-79).
48
Let a(u) = -5*u**2 - 277*u - 2973. Determine a(-41).
-21
Let c(n) = -9*n**2 + 150*n - 78. Calculate c(16).
18
Let o(v) = v**2 + 2271*v + 13619. Give o(-6).
29
Let f(o) = -13*o